21384751?
2
What is the thousands digit of 69644157?
4
What is the hundreds digit of 152491068?
0
What is the millions digit of 4783556823?
3
What is the tens digit of 28890892?
9
What is the thousands digit of 248783078?
3
What is the millions digit of 137094164?
7
What is the ten thousands digit of 69689545?
8
What is the thousands digit of 54627734?
7
What is the ten millions digit of 35480297?
3
What is the ten thousands digit of 98844259?
4
What is the units digit of 144120176?
6
What is the ten thousands digit of 40008003?
0
What is the tens digit of 37996233?
3
What is the tens digit of 105440866?
6
What is the ten millions digit of 897578813?
9
What is the hundred thousands digit of 198362661?
3
What is the ten thousands digit of 386773905?
7
What is the thousands digit of 14847034?
7
What is the tens digit of 70198271?
7
What is the tens digit of 117545823?
2
What is the millions digit of 830234735?
0
What is the units digit of 156896465?
5
What is the tens digit of 364588355?
5
What is the ten millions digit of 65442002?
6
What is the hundred thousands digit of 383989951?
9
What is the millions digit of 501899706?
1
What is the ten millions digit of 160315310?
6
What is the ten thousands digit of 291376815?
7
What is the hundred millions digit of 1534340197?
5
What is the hundreds digit of 63154608?
6
What is the ten thousands digit of 3590586287?
8
What is the ten millions digit of 163961686?
6
What is the hundreds digit of 2993970137?
1
What is the ten millions digit of 3556631658?
5
What is the thousands digit of 2182532172?
2
What is the thousands digit of 1018444761?
4
What is the tens digit of 13974757?
5
What is the thousands digit of 3398970?
8
What is the thousands digit of 926595892?
5
What is the ten millions digit of 139498266?
3
What is the millions digit of 40565110?
0
What is the hundred thousands digit of 2840096034?
0
What is the ten thousands digit of 151486116?
8
What is the millions digit of 33953133?
3
What is the hundred thousands digit of 53387558?
3
What is the units digit of 231385823?
3
What is the billions digit of 5231445892?
5
What is the thousands digit of 1163709808?
9
What is the ten thousands digit of 64894484?
9
What is the thousands digit of 1767073985?
3
What is the millions digit of 247125922?
7
What is the thousands digit of 172467723?
7
What is the hundred thousands digit of 585865245?
8
What is the units digit of 957960980?
0
What is the ten millions digit of 115791983?
1
What is the hundred thousands digit of 13742925?
7
What is the hundred thousands digit of 45942314?
9
What is the hundred thousands digit of 41032647?
0
What is the units digit of 372533100?
0
What is the hundreds digit of 1970878118?
1
What is the tens digit of 29900220?
2
What is the tens digit of 111550137?
3
What is the hundreds digit of 301118985?
9
What is the hundreds digit of 588309509?
5
What is the units digit of 61750500?
0
What is the units digit of 112875630?
0
What is the hundred millions digit of 2172195290?
1
What is the ten thousands digit of 785424256?
2
What is the millions digit of 67719899?
7
What is the hundred thousands digit of 46103642?
1
What is the ten thousands digit of 46714501?
1
What is the millions digit of 89213848?
9
What is the hundred millions digit of 611525746?
6
What is the ten millions digit of 840042926?
4
What is the units digit of 128706623?
3
What is the hundred millions digit of 2722056968?
7
What is the ten millions digit of 1221573163?
2
What is the units digit of 48020290?
0
What is the hundred thousands digit of 13597443?
5
What is the ten millions digit of 1523773410?
2
What is the thousands digit of 1829433023?
3
What is the units digit of 280932369?
9
What is the tens digit of 30169757?
5
What is the tens digit of 313541609?
0
What is the hundred thousands digit of 774735936?
7
What is the tens digit of 1554068210?
1
What is the ten millions digit of 1394470148?
9
What is the tens digit of 36160884?
8
What is the hundred thousands digit of 1525397667?
3
What is the ten millions digit of 48194752?
4
What is the thousands digit of 489908234?
8
What is the ten millions digit of 909909922?
0
What is the hundreds digit of 1369051704?
7
What is the millions digit of 1819530020?
9
What is the units digit of 692389161?
1
What is the millions digit of 401543960?
1
What is the ten millions digit of 3025986944?
2
What is the ten millions digit of 455234007?
5
What is the hundred thousands digit of 86880831?
8
What is the ten thousands digit of 21841924?
4
What is the hundred thousands digit of 230323998?
3
What is the thousands digit of 770115188?
5
What is the ten millions digit of 4493990886?
9
What is the ten thousands digit of 2193514506?
1
What is the millions digit of 2928524904?
8
What is the tens digit of 318727983?
8
What is the hundreds digit of 288602861?
8
What is the units digit of 175802484?
4
What is the ten millions digit of 50435369?
5
What is the units digit of 58099125?
5
What is the tens digit of 80998325?
2
What is the thousands digit of 1569506793?
6
What is the hundred millions digit of 441267614?
4
What is the ten thousands digit of 3994419487?
1
What is the millions digit of 4011995558?
1
What is the units digit of 3664768804?
4
What is the ten thousands digit of 95768?
9
What is the ten millions digit of 1463207616?
6
What is the ten millions digit of 27591692?
2
What is the ten millions digit of 12028883?
1
What is the ten millions digit of 678123465?
7
What is the hundred thousands digit of 25074794?
0
What is the units digit of 8452248?
8
What is the ten thousands digit of 1115390?
1
What is the units digit of 114881002?
2
What is the hundred thousands digit of 84317875?
3
What is the units digit of 80483142?
2
What is the units digit of 206043070?
0
What is the hundred thousands digit of 1452592270?
5
What is the thousands digit of 153203211?
3
What is the millions digit of 242059509?
2
What is the thousands digit of 44309153?
9
What is the hundreds digit of 36861579?
5
What is the millions digit of 208548031?
8
What is the hundreds digit of 272131766?
7
What is the hundreds digit of 646718407?
4
What is the hundred thousands digit of 5236569?
2
What is the units digit of 214599117?
7
What is the billions digit of 3329864441?
3
What is the ten thousands digit of 284223311?
2
What is the units digit of 60295491?
1
What is the thousands digit of 224571514?
1
What is the units digit of 11652445?
5
What is the ten millions digit of 59567822?
5
What is the billions digit of 1127806411?
1
What is the hundreds digit of 21459623?
6
What is the hundred thousands digit of 530862191?
8
What is the thousands digit of 121524948?
4
What is the hundreds digit of 61456365?
3
What is the tens digit of 194965448?
4
What is the hundred thousands digit of 4492402327?
4
What is the millions digit of 52312982?
2
What is the hundred thousands digit of 10029606?
0
What is the thousands digit of 104564752?
4
What is the hundreds digit of 63553667?
6
What is the hundreds digit of 413603509?
5
What is the thousands digit of 1230169585?
9
What is the tens digit of 117337913?
1
What is the hundred thousands digit of 104125199?
1
What is the ten thousands digit of 9993466?
9
What is the hundreds digit of 47765695?
6
What is the units digit of 67966290?
0
What is the hundreds digit of 610216534?
5
What is the hundreds digit of 151527750?
7
What is the units digit of 113784625?
5
What is the ten millions digit of 1599776117?
9
What is the hundred thousands digit of 1125257028?
2
What is the units digit of 702848507?
7
What is the tens digit of 44810279?
7
What is the tens digit of 919410648?
4
What is the hundred millions digit of 3601385069?
6
What is the hundred thousands digit of 15121392?
1
What is the ten thousands digit of 54123438?
2
What is the hundreds digit of 8730409?
4
What is the hundred thousands digit of 40091568?
0
What is the millions digit of 593089118?
3
What is the thousands digit of 109782826?
2
What is the ten millions digit of 59741078?
5
What is the hundred thousands digit of 58417777?
4
What is the units digit of 90941370?
0
What is the hundred thousands digit of 26162756?
1
What is the hundred thousands digit of 81474299?
4
What is the tens digit of 49827348